 = -6*t**3 - 3*t**2 - 16*t - 9. Let a(y) = 7*y**3 + 4*y**2 + 15*y + 10. Let b(k) = 4*a(k) + 5*u(k). Is b(-8) prime?
False
Is (4 - 1)*48 + 5 prime?
True
Let z = -11912 + 22809. Is z prime?
False
Let l = 260 - -1201. Is (l/4)/((-9)/(-12)) a prime number?
True
Let q = -7254 + 12648. Suppose 0 = 4*g + q - 18938. Is g composite?
True
Let u(x) = x - 5. Let w be u(4). Let h be 72/(-144) + (-51)/(-2). Is 52*(w - h/(-20)) composite?
False
Suppose 0 = 9*t - 99 - 36. Is (-6)/15 - ((-4431)/t)/1 a prime number?
False
Let q(w) = 39*w**2 - 10*w - 43. Is q(-8) composite?
True
Is (-11 + 672/60)*139970 a composite number?
True
Let j(t) = t**2 + t**2 - 5 - 2451*t + 2461*t. Let v = 3 - 9. Is j(v) a prime number?
True
Let l = 36 + -52. Is ((-2)/(-3))/(l/(-16008)) prime?
False
Let d(q) = -31*q + 9. Let v be -11 + -4*(-2)/8. Is d(v) composite?
True
Suppose 3*g = -d + 63, -4*d = -3*d + g - 73. Suppose -d = 3*r - 15. Is (-14)/r*930/4 a prime number?
False
Suppose 4*s + b - 27996 = 0, 2*s + 5*b - 7018 = s. Suppose 17780 = 13*r - s. Is r a composite number?
True
Let r(i) = -2*i**3 - 11*i**2 - 9*i - 16. Is r(-7) a prime number?
False
Let a(d) = 46*d - 1. Let z be a(1). Let h = -103 + 106. Suppose -z + 606 = h*x. Is x composite?
True
Let b(c) = -81*c**2 + 2*c - 8. Let v be b(4). Let x = -2333 - v. Is -1 - -5 - (x - 2) a prime number?
False
Suppose 5*l + 18618 = 11*l. Is l a composite number?
True
Let n = -5494 - -7811. Is n a prime number?
False
Suppose 3257 + 4422 = s. Suppose -12*q + 5*q + s = 0. Is q a composite number?
False
Let q be 16*(78/12 + -6). Let o(g) = 6 + 6*g + g - 17 + 4*g**2. Is o(q) composite?
True
Suppose 2*q - 3*o + 13 = 0, 4*o - 15 = 3*q + 3. Is q/(-6) + 11039/57 prime?
False
Suppose 2*t + 1428 = -w, 2856 = -3*t - t + w. Let o = t + 1555. Is o prime?
False
Suppose 68 = 15*d - 11*d. Suppose w = -0*w + 2*k + d, -8 = -4*w - 4*k. Suppose w*p - 1119 = 4*p. Is p composite?
False
Suppose -v + 2*q = -2*q - 26451, 3*v - 79323 = -3*q. Is v prime?
False
Let k(l) = 2*l**2 + 11*l - 4. Let m be -3 - -12*(-3)/6. Let f be k(m). Let z = 138 - f. Is z prime?
True
Suppose -2*w - 17 = -n, -3*w + 12 = -2*n + 3*n. Let y = 19 - n. Suppose 123 = 2*u - 0*i - 3*i, -y*u + 261 = -3*i. Is u composite?
True
Suppose -2368 = 4*a - 2*a. Let g = a + 278. Let t = -469 - g. Is t a composite number?
True
Let t(s) be the third derivative of -7*s**6/6 + s**5/30 + s**4/12 + s**3/6 + 9*s**2. Is t(-1) a prime number?
False
Suppose -2*v + 4*c - 9 = 5, -4*v + 4*c = 8. Let a(z) = 0*z**2 + 0*z**2 - 24*z**3 + v*z**2 - 1. Is a(-2) composite?
True
Suppose -5*c = 3*p - 6774, p + 28*c = 29*c + 2258. Is p a composite number?
True
Let t be (3/(-12))/(1/(-2))*10. Suppose -4*j = j + t*w - 3465, -5*j + 3429 = -4*w. Is j a composite number?
True
Suppose -14 = 4*p + 10. Let o(f) = f**2 - f - 6. Let n be o(p). Suppose 167 = s - n. Is s a prime number?
False
Let v = 22 - 22. Suppose v = 11*r - 12*r + 2038. Is r composite?
True
Let x be 3 + 8/4 + -2. Suppose 260 = -o + x*o. Suppose 3*a - o = -j, -4*a = 5*j - 2*j - 395. Is j prime?
False
Let d(s) = 896*s**2 + 2*s + 1. Is d(-2) prime?
True
Let f(x) = -10922*x + 21. Is f(-5) composite?
False
Let o(u) = u + 19. Let l be o(-10). Suppose -l = -5*z + 2*z. Suppose 20 = z*a - 73. Is a a prime number?
True
Let z = -8748 + 12705. Is z composite?
True
Let q be (154/8)/(2/112). Suppose 989 = 3*t - 5*r - 639, 0 = -2*t - 4*r + q. Is t a composite number?
False
Let j = 2585 - 1010. Let d = -766 + j. Is d prime?
True
Suppose b + 3*o = o - 3, 5*o + 15 = -b. Let p(c) = -c**2 - 53*c - 45. Let f be p(-23). Suppose 0 = -b*v + 5*m + f, 5*m = -4*v + 3*v + 117. Is v composite?
False
Suppose -3*m = -4*m + 263. Let z = m + -186. Is z composite?
True
Let t = 142576 + -76947. Is t a composite number?
False
Suppose -x - 4*j + 208 = 25, -4*j - 16 = 0. Let k = -31 - 5. Let b = k + x. Is b composite?
False
Suppose 0 = -3*i + 1 + 2. Suppose n + 4*n + 20 = 0. Is (n/(-12))/(i/1329) composite?
False
Suppose -5*v = -7*v, 5*j - 3*v - 67685 = 0. Is j a prime number?
True
Is 8004 - (-20 - (-8 - 2)) a prime number?
False
Suppose -8*o - 7074 = -36850. Is o a prime number?
False
Let a be 9/63 - (-44)/(-14). Let g(i) = -53*i - 2. Is g(a) a prime number?
True
Let z = 3550 - -648. Is z a prime number?
False
Let v be (2 - 6)*(0 + -2). Let g(u) = -u**3 + 9*u**2 - 7*u - 4. Let b be g(v). Suppose 0 = b*z - 5*r - 77, -2*r + 18 = -3*z + 67. Is z a composite number?
False
Suppose -5*a + 9 = -2*a. Suppose 0 = a*c - 8*c + 45. Is (856/(-12))/((-2)/c) a prime number?
False
Suppose 2*l + 3 = -7, 0 = 5*j + 3*l - 75170. Is j a composite number?
True
Suppose 6*q = 86 - 8. Suppose 15*h - 254 = q*h. Is h a prime number?
True
Is (243 - 19441)*-1*1/2 a composite number?
True
Let i = 1556 + 7331. Is i composite?
False
Let y = 2961 + -2114. Suppose -y = -4*v + 1741. Is v a prime number?
True
Is (15448/2)/(-8 - 84/(-9)) composite?
True
Let u(x) = -x**2 + 2*x + 12. Let f be u(5). Let v be (-2)/(-10) + 1/(-5). Is 1*(v - (f - 86)) prime?
True
Suppose -j - 5 = 0, 0 = -5*t - 5*j - 106 - 19. Let r = 23 + t. Suppose -4*m = 2*a - 290, r*a - 6*m - 425 = -2*m. Is a a composite number?
True
Let r = 223 - -68. Suppose -2*k = -r - 387. Is k composite?
True
Let i(h) = 34*h - 12. Let v be i(8). Suppose 0*y + v = 4*y. Is y prime?
False
Suppose -3*r - 2*h = 3286, 5*r + 3*h + 5464 = 6*h. Is 12/8*r/(-3)*7 composite?
True
Let c = 40 - -94. Let j = c - -323. Is j prime?
True
Let i = 160747 - 94986. Is i a composite number?
False
Let j be 101/(-3) - 10/(-15). Is 11/j - (-214)/3 composite?
False
Let g be (-12)/8*4/(-2). Suppose w - 1551 = -g*w - 5*d, 0 = -4*d - 4. Is w a composite number?
False
Let k(x) = -x**3 + 24*x**2 + 16*x - 39. Let p be k(19). Let f = p + -1429. Is f a prime number?
True
Let q(j) = -5*j + 5. Let c be q(0). Suppose -c*v + 1138 = -3447. Is v composite?
True
Let m = 4301 + 1136. Is m a composite number?
False
Let w(g) = -2*g**2 - 5*g + 6. Let l be w(-3). Suppose 305 + 505 = 2*a + 4*o, -l*a + 4*o + 1245 = 0. Is a a composite number?
True
Suppose 0 = 3*m + m + 2*z + 32, -5*m = -2*z + 22. Is 2/(m - -5) + (947 - -2) a prime number?
True
Let a(d) = -d**3 + d**2 - d. Let c be a(-2). Suppose -10 = 9*w - c*w. Suppose -23 = -t + w. Is t prime?
False
Is (-5 - (-7 - 7605)) + -1 a prime number?
False
Let m(k) = 3*k + 43. Let r be m(26). Suppose -677 = -6*y + r. Is y prime?
False
Let n(v) = 15*v**2 + 5*v + 13. Let u be n(16). Suppose -2*p = -u - 1945. Is p prime?
True
Let p be -1 + 3 - (14 + -14). Suppose -5*j = -p*j - 1191. Is j composite?
False
Let d be ((1 - 1) + 27/(-9))/1. Is 3 - 3 - -940 - d composite?
True
Let c(f) = -f**3 + 3*f**2 + f + 422. Suppose -4*w + 4*m = 20, 4*m = w + 11 + 9. Is c(w) prime?
False
Let w = 24447 + -14150. Is w a composite number?
True
Is (-3 - (-4725476)/30) + 22/165 a prime number?
True
Suppose -17*x - 281107 = -817304. Is x a prime number?
True
Suppose 0 - 14 = -2*w. Suppose 14 = 2*b + 3*b - 2*z, 4*b - w = 3*z. Suppose 0 = 3*n + a - 6*a - 347, n + b*a = 127. Is n composite?
True
Let g(k) = -k**2 - 6*k + 16. Let m be g(-8). Let t(b) = 2*b + 631. Is t(m) prime?
True
Let r(t) = 11*t**2 - 71*t + 89. Is r(-35) prime?
False
Let j = 13343 + -3552. Is j prime?
True
Suppose 322 = 2*v - 2*r, -2*v + 3*r + 323 = -0*r. Suppose x - v = 3*y + 321, -634 = 4*y - 5*x. Let q = -94 - y. Is q prime?
True
Let g(w) = 2*w**3 - 13*w**2 - 3*w + 5. Suppose y + 3*b - 11 = 0, 0*y + 2*y - 3*b - 22 = 0. Is g(y) a composite number?
False
Is 1/((-1)/(-134968)*4) a prime number?
False
Suppose 6*x - 3203 - 7339 = 0. Is x composite?
True
Suppose -14 + 4 = -2*o. Is ((o/3)/(-5))/((-2)/2874) a prime number?
True
Let u be (8/(-12)*-33)/(-2). Let q = -8 - u. Is (38/4)/(q/18) prime?
False
Let o be 6 + (-3 - (0 - 0)). Suppose 5*y + 6 = -o*a + 1, 17 = -4*y - 5*a. Suppose -z = -y, z + 122 = 4*s - 0*z. Is s a composite number?
False
Let z(v) = -129*v + 20. Let d be z(10). Is d/(-4)*30/25 composite?
True
Let m(y) = 10*y**2 - 27*y + 187. Is m(29) prime?
False
Let x(g) = -6 - 130*g**3 - 1 + 2*g**2 + 2*g + 0*g + 9. Let s be x(-2). Suppose -p + s = 5*d - 4*p, -5*d = -4*p - 1043. Is d a prime number?
True
Let t(c) = -8*c**3 - 20*c**2 - 78*c - 4. Is t(-15) a prime number?
False
Let o = 5 + 796. Let a be 6/8*4 - 3. Is (a - 12)*o/(-36) prime?
False
Suppose 0 = -